b(6).
6
Suppose 5 = -3*n + 2. Let d = n + -2. Let w(b) = b**2 + 5*b + 2. Calculate w(d).
-4
Let l(b) = b**2 + 4*b - 4. Let t(j) = -4*j**2 - 17*j + 16. Let m(f) = 9*l(f) + 2*t(f). Let z = -1 + -3. What is m(z)?
4
Let l(f) be the first derivative of -f**3/3 + f**2/2 + 4*f + 19. Let o = -8 + 0. Let d = o - -12. Calculate l(d).
-8
Let w(s) = -s**3 + 6*s**2 - 2*s - 5. Let r be w(5). Suppose 5*n + 3 = 3*d + 4*n, r = -d + 4*n. Let p(v) = 4*v - 3. Calculate p(d).
5
Let j be (-1)/4 - ((-115)/(-20) + -6). Let q(z) = -z - 13. What is q(j)?
-13
Let w be 4/(-2)*8/(-16). Let m(v) = -6*v**2 + 2*v - 1. Let i be m(w). Let q(z) = -z**3 - 5*z**2 - 2*z - 5. Determine q(i).
5
Let g(s) = 3*s + 3*s + 0*s - 6 - 4*s. Calculate g(6).
6
Suppose -5*s + 6 = -9. Let i(u) = -1 - 2*u - u**2 + 4*u**2 - 4*u**2 + 2*u**s. What is i(2)?
7
Let p(c) be the third derivative of -c**4/24 - 2*c**3/3 - 2*c**2. What is p(-5)?
1
Let v(k) = -k**3 - 3*k**2 - 3*k - 1. Suppose 2*p - 20 = -8. Let y = 4 - p. Give v(y).
1
Let r(p) = -p**2 - p - 6. Let w = 9 + -10. Let x be (-1)/(-1)*1 + w. Let m be (-2)/(-12)*-2*x. Calculate r(m).
-6
Let q(s) = -s**2 + 5*s + 1. Let r = -5 - -13. Suppose 0 = -w - w + r. Suppose -w*y - 13 = h, -h - 1 + 0 = y. What is q(h)?
7
Let s(z) = 20*z - 16*z - z + 2. Determine s(-6).
-16
Let y(a) = 1 + 608*a - 2 - 607*a. Calculate y(-5).
-6
Let u(w) be the second derivative of w**5/20 + 7*w**4/12 - 4*w**3/3 - 5*w**2/2 - 55*w. Give u(-8).
-5
Let i(x) = 4*x**2 + 8*x + 2. Let r(b) = b**2 + b. Let p(k) = i(k) - 3*r(k). Give p(-3).
-4
Let a(z) be the first derivative of 9*z**2/2 - z - 3. Let y be 2 + (-2)/(-4)*-2. Determine a(y).
8
Let i(u) be the third derivative of u**4/24 + u**3 - 11*u**2. Calculate i(0).
6
Let f(n) = -146 + n + n**2 + 152 - 8*n. Determine f(6).
0
Let h(k) be the second derivative of 3*k - 1/2*k**2 - 1/3*k**3 + 0. What is h(-1)?
1
Let v(p) = -p**3 + 4*p**2 + 1. Let x(w) = -7*w**2 - w. Let u be (1 + -2)/(4 - 3). Let o be x(u). Let y = o + 10. What is v(y)?
1
Let v = 5 + -4. Let k = v - 1. Let g(x) = -x**2 - 2*x + 5. Let z(i) = -2*i**2 - 3*i + 9. Let f(j) = -5*g(j) + 3*z(j). Determine f(k).
2
Let i(t) be the first derivative of t**4/4 + 4*t**3/3 - t**2 - 3*t - 13. Let r = 0 - 3. What is i(r)?
12
Let q(o) = 4*o + 4. Let p(w) be the second derivative of w**3/2 + 3*w**2/2 + 2*w. Let z(b) = 3*p(b) - 2*q(b). Calculate z(-6).
-5
Let v(b) = 4*b + 4. Suppose -3*j + 4*g = 23, j = -4*g + 1 + 2. Determine v(j).
-16
Let a = -4 - -3. Let r(n) = 3*n**3 + n**2 + 6*n + 6. Let w(i) = -i**3 - i - 1. Let h(c) = -r(c) - 5*w(c). Give h(a).
-3
Suppose 6 = 5*r - 9. Let n be ((-6)/3)/(-3 - -1). Let m(f) = -f**2 + n + 1 + 0 + f. What is m(r)?
-4
Suppose 22 = 3*i - 4*h + 6, i - 7 = 3*h. Let n(z) be the first derivative of 2*z**3/3 - 3*z**2 + z - 2. What is n(i)?
9
Suppose d + 5 = 3*b - 2, 3*d + b - 9 = 0. Let j(r) = -r**2 + 1. Let n(i) = 9*i**2 - 2*i - 7. Let u(l) = 6*j(l) + n(l). What is u(d)?
7
Let x(w) be the third derivative of w**4/24 - w**3/3 + 2*w**2 + 1. Give x(7).
5
Let n(p) = -p. Let s(z) = -5*z - 1. Let f(m) = -2*n(m) + s(m). What is f(-3)?
8
Suppose 5*f - 20 = 3*x - 2, f = -2*x + 1. Let j(z) = 2*z**2 - z**f + 3*z + 0*z**3 + 0 - 2*z + 3. Determine j(3).
-3
Let o(y) = -95*y**2 + 94*y**2 - 4*y - 2 + 5*y + 0. Let n(t) = t**3 - 6*t**2 + 3. Let v be n(6). Give o(v).
-8
Let r(w) = w**3 + 6*w**2 + 2*w - 1. Let z(n) = -2*n + 3. Let l be z(4). Determine r(l).
14
Suppose 2*l - 12 + 20 = 0. Let d(m) = -m**2 - 7*m - 5. Give d(l).
7
Let m(d) = -5*d - 1. Let k be ((-3)/2)/(12/(-16)). Suppose 0 = -g - g - k. What is m(g)?
4
Let z(j) = 9*j**2 + 2*j - 6. Let c(r) = 9*r**2 + 2*r - 5. Let v(s) = 7*c(s) - 6*z(s). Give v(-1).
8
Let o(y) be the second derivative of y**5/20 + y**4/4 - y. Let q = 0 + -3. Determine o(q).
0
Suppose 2*x - 29 = -x - 4*i, -5*i = 4*x - 37. Let m(n) = n. Let l be m(x). Let z(j) = -1. Let h(q) = -q + 5. Let o(w) = -h(w) - z(w). Calculate o(l).
-1
Suppose -4*y + 3*t = -9*y + 25, -4*t = y - 22. Suppose 1 = y*p - 3. Let b(f) = 3*f + p + f + 4 + f**2. Give b(-4).
6
Let u(p) = p + 5. Suppose 0 = -w - 2*c - 6, w - 3*w = -3*c - 9. Suppose 0 = -w*s - 4*s - 20. What is u(s)?
0
Let h(j) be the first derivative of j**4/4 + j**3 - j**2/2 + j - 40. What is h(-2)?
7
Let l(f) = f**2 + 6*f. Let p = 2 + -3. Let j be ((1 - -1) + p)*2. Let x be 5*(-3)/6*j. What is l(x)?
-5
Let x(f) = 7*f**2 - 3*f - 6. Let a(l) = -l**2 + 1. Let n be 4 + 0/(-2) + -3. Let m(b) = n*x(b) + 6*a(b). Give m(3).
0
Let w = -1 + 1. Let k = w + 3. Let n(t) = -6 - k*t + 0 + 4*t. What is n(4)?
-2
Let q be 148/20 + (-4)/10. Suppose 40 = 4*k - 0*k. Let p = q - k. Let w(a) = a**2 + 4*a + 2. Calculate w(p).
-1
Let s(k) = k**2 - k + 1. Let t(f) = f**2 - f. Let a(m) = -s(m) + 2*t(m). Let b = -3 - -6. Suppose 0 = -4*v - 5*q + 3*q, -b*v - 5 = -q. What is a(v)?
1
Let u(c) = c**3 - 7*c**2 + 7*c + 2. Let h = -15 - -21. What is u(h)?
8
Let u = 13 + -14. Let o(n) be the third derivative of n**5/10 + n**4/24 - n**2. Determine o(u).
5
Let g(p) be the second derivative of -7/6*p**3 + 2*p + 1/12*p**4 + 3*p**2 + 0. Let r(z) = z**3 - 8*z**2 + 2*z - 11. Let h be r(8). Give g(h).
-4
Suppose -3*k - 6 = -21. Let t(q) = 2*q - 12*q**2 + 6 + 0*q + 11*q**2. Determine t(k).
-9
Let o(x) = -5*x**3 + 4*x**2 - 3. Let v(y) = -9*y**3 + 7*y**2 - 5. Let f(t) = -7*o(t) + 4*v(t). Let k be 72/(-20) + 2/(-5). Let m = k - -3. Give f(m).
2
Let z(w) be the second derivative of w**4/24 - w**3/2 + w**2/2 - 3*w. Let x(i) be the first derivative of z(i). Give x(-4).
-7
Let c(y) = 5*y**2 - 3*y**2 - y**2 + y - 2*y. Let q(d) = -26*d**2 + d - 1. Let l be q(1). Let z be (-28)/(-13) + 4/l. Determine c(z).
2
Let q = 12 - 7. Let o = q + 13. Suppose 0 = 2*b - 4*u - 28, 7 + o = -5*u. Let m(c) = c**3 - 3*c**2 - 3*c + 4. What is m(b)?
8
Let p(d) = d**3 + 6*d**2 + 9*d. Let a(n) = -n - 1. Let w(s) = 4*a(s) + p(s). What is w(-4)?
8
Let r(c) = c**2 - 6*c. Let n(x) = -x**2 - 12*x + 18. Let d be n(-13). Calculate r(d).
-5
Let s(x) = -8*x**3 - x**2. Let l(i) = -7*i**3. Let y(q) = -7*l(q) + 6*s(q). Determine y(6).
0
Suppose 28*m = 21*m - 28. Let u(b) = -b**3 - 3*b**2 + b - 5. Determine u(m).
7
Let f(j) = 2*j - 3. Let a = 31 + -17. Let t(d) = d**3 + 3*d**2 - 4*d - 3. Let i be t(-3). Let x = a - i. What is f(x)?
7
Let r(m) be the first derivative of -m**2/2 + 10*m + 3. Let f be (2 + -2)*(-2)/(-4). Let k(t) = -t**3 - t + 5. Let g be k(f). Determine r(g).
5
Let c(l) be the third derivative of -l**4/6 + l**3/3 + 8*l**2. Give c(2).
-6
Let b(r) = r**3 - r - 1. Suppose 0 = 8*w - 5*w + 3. Give b(w).
-1
Let c(t) = -2*t**3 + 2*t**2 + 5*t - 1. Let i(h) be the first derivative of h**4 - 4*h**3/3 - 11*h**2/2 + 2*h + 1. Let o(d) = -7*c(d) - 3*i(d). Calculate o(2).
5
Suppose 0 + 3 = -l, 0 = p - l. Let f(i) = -i**3 - i**2 + 5*i + 2. Calculate f(p).
5
Let s = 12 + -9. Let q(i) = -4*i. Determine q(s).
-12
Suppose 5*x - 18 = 8*x. Let z be x/(-9)*15/(-2). Let k(y) = y - 2. What is k(z)?
-7
Let i(y) = 2*y - 2. Let j(x) = -x**3 - x**2 + 3*x - 3. Let f(q) = 3*i(q) - 2*j(q). Determine f(-2).
-8
Let d(h) = -h**3 - 3*h**2 - h - 5 - 5*h**2 + h**2. Let c be d(-7). Let p(r) = c + 0 + 3*r - 1. Determine p(-2).
-5
Let q(j) = 10 - 9*j - 3 + 3 + j**2 - 3. What is q(9)?
7
Let q(y) be the third derivative of -2/3*y**3 + 3*y**2 + 0 + 0*y - 1/30*y**5 + 5/24*y**4. Calculate q(3).
-7
Let q be -3*(-6)/9 + -4. Let h = q - 1. Let u(d) = d**3 + 3*d**2 - 3*d - 3. Determine u(h).
6
Let u(l) be the second derivative of -l**6/360 + 3*l**5/40 - l**4/4 - 2*l. Let y(a) be the third derivative of u(a). Suppose -5*c + 3 = -27. What is y(c)?
-3
Let c(f) = 3*f - 1. Let l(o) = -10*o**3 - o**2 + 3*o - 2. Let b be l(1). Let d = b + 11. Determine c(d).
2
Let d(t) = -t + 5. Let w be 3/(-1)*(-16)/3. Suppose -u + 4*l = w, -6*u + 4*l = -u. Determine d(u).
1
Let c(f) = f**2 + 2*f + 1. Let m = 7 - 10. Let r be c(m). Let o(d) = 3*d - 5 - 2*d + r. What is o(-4)?
-5
Let u = 5/13 - -3/26. Let s(o) be the first derivative of u*o**2 + 2 + 0*o. Determine s(1).
1
Let s(x) = x**3 - 6*x**2 - 8*x + 3. Let i be (2 - (5 + -1))/((-6)/21). Determine s(i).
-4
Let y be 282/(-42) - 4/14. Let c(q) = 43 - 16 - 20 + q. Calculate c(y).
0
Let h(w) = -w**2 - 4*w. Let c(u) = u**2 + 5*u + 5. Let f be c(-5). Suppose 20 = -f*a + a. What is h(a)?
-5
Let a(l) be the third deriv